ase 15
6e
What is 511 (base 15) in base 5?
14031
Convert -1796 (base 13) to base 6.
-24115
What is 202 (base 11) in base 15?
114
Convert 82 (base 11) to base 9.
110
What is 1b8 (base 12) in base 9?
345
What is 2c19 (base 15) in base 13?
440a
21982 (base 10) to base 13
a00c
Convert -331 (base 12) to base 15.
-214
40221 (base 5) to base 2
101000000001
-24598 (base 10) to base 12
-1229a
-1c4a2 (base 13) to base 5
-3240413
-43565 (base 7) to base 8
-25255
What is 5043 (base 6) in base 3?
1112000
What is -451 (base 14) in base 4?
-31113
Convert 761 (base 11) to base 14.
494
Convert -205530 (base 6) to base 2.
-100000110111110
Convert 13 (base 16) to base 11.
18
10100001011011 (base 2) to base 3
112011122
What is 94dd (base 15) in base 13?
1143a
What is -788 (base 9) in base 8?
-1207
Convert 101355 (base 7) to base 12.
a049
What is 152250 (base 8) in base 2?
1101010010101000
Convert 2050 (base 6) to base 11.
390
What is -1c2 (base 15) in base 6?
-1515
-3613 (base 8) to base 5
-30211
What is -303132 (base 4) in base 7?
-12414
Convert 212350 (base 8) to base 10.
70888
What is 1621 (base 8) in base 6?
4121
101 (base 10) to base 9
122
-16252 (base 7) to base 13
-2125
What is 41624 (base 7) in base 11?
7787
What is d7 (base 16) in base 14?
115
What is -3614 (base 7) in base 3?
-1211102
Convert 13020 (base 4) to base 7.
1221
What is 20084 (base 11) in base 5?
1414444
Convert -5178 (base 12) to base 9.
-13152
Convert -2103331 (base 4) to base 11.
-7129
14b (base 14) to base 12
19b
3365 (base 8) to base 10
1781
Convert 110010100111010 (base 2) to base 9.
38483
Convert -30022222 (base 4) to base 6.
-1022414
What is 15610 (base 8) in base 11?
5328
Convert -6b0 (base 12) to base 2.
-1111100100
What is 10105 (base 7) in base 14?
c75
1b9e (base 16) to base 14
2810
Convert 1121011 (base 3) to base 14.
5d3
1543 (base 6) to base 2
110100111
What is -11010 (base 2) in base 11?
-24
What is 100001010 (base 2) in base 5?
2031
Convert -10101001000100 (base 2) to base 7.
-43355
Convert -2282 (base 12) to base 11.
-2983
-101 (base 5) to base 9
-28
What is 1435 (base 10) in base 6?
10351
Convert 32672 (base 8) to base 2.
11010110111010
-1111000011 (base 2) to base 11
-7a6
225 (base 6) to base 4
1121
Convert -244 (base 13) to base 9.
-477
-1120221102 (base 3) to base 9
-46842
Convert -647 (base 8) to base 15.
-1d3
10220020 (base 3) to base 6
21053
Convert -55a0 (base 11) to base 3.
-101002222
-20340 (base 6) to base 5
-41344
Convert -2723 (base 10) to base 15.
-c18
What is -122302 (base 4) in base 5?
-23324
8146 (base 13) to base 11
12415
What is 575 (base 8) in base 16?
17d
-3022303 (base 4) to base 6
-140031
e0 (base 16) to base 3
22022
Convert -112210222 (base 3) to base 9.
-15728
Convert 29b (base 16) to base 15.
2e7
Convert -21201 (base 6) to base 5.
-43011
What is -1336 (base 7) in base 13?
-30a
-634 (base 8) to base 15
-1c7
6568 (base 14) to base 4
10102000
9123 (base 14) to base 11
177a8
-3216 (base 11) to base 2
-1000010011100
Convert 23013 (base 4) to base 3.
222100
-142501 (base 6) to base 8
-32405
4112 (base 6) to base 8
1614
-55638 (base 9) to base 7
-212534
-10103 (base 4) to base 6
-1135
What is 22552 (base 7) in base 10?
5770
What is 33 (base 8) in base 16?
1b
Convert ba4 (base 14) to base 5.
33200
Convert -131521 (base 6) to base 4.
-2330221
What is 32013 (base 5) in base 12?
1299
What is -35 (base 9) in base 5?
-112
-117 (base 9) to base 14
-6d
What is -104131 (base 5) in base 10?
-3666
3021 (base 14) to base 16
2045
What is -359e (base 15) in base 6?
-124435
-155650 (base 8) to base 7
-322641
Convert -23740 (base 13) to base 16.
-fdb4
18a0 (base 15) to base 16
14cd
4749 (base 15) to base 13
6b7c
Convert 1010211212 (base 3) to base 9.
33755
Convert -687 (base 9) to base 10.
-565
What is -3225 (base 7) in base 14?
-5bc
Convert 24133 (base 5) to base 6.
12145
-110111000111000 (base 2) to base 3
-1102201001
What is -95a (base 13) in base 14?
-820
What is 201432 (base 5) in base 8?
14534
Convert 70b (base 13) to base 6.
5310
What is 11582 (base 10) in base 5?
332312
Convert -22302032 (base 4) to base 5.
-2403144
-5075 (base 14) to base 15
-4168
Convert -6020 (base 9) to base 16.
-1128
What is -62d (base 14) in base 5?
-14332
Convert -38520 (base 10) to base 14.
-10076
-16 (base 10) to base 8
-20
What is 775 (base 11) in base 6?
4145
11100010111 (base 2) to base 3
2111020
Convert -128376 (base 9) to base 10.
-78315
246 (base 9) to base 15
d9
What is 410 (base 6) in base 2?
10010110
Convert 2012020 (base 3) to base 15.
719
What is 100001110111 (base 2) in base 8?
4167
What is 1180 (base 14) in base 13?
150a
What is -10011101010000 (base 2) in base 14?
-394c
Convert 210 (base 6) to base 2.
1001110
Convert -a37 (base 15) to base 9.
-3137
What is -24 (base 6) in base 14?
-12
Convert 101034 (base 5) to base 10.
3269
What is 5662 (base 10) in base 9?
7681
What is 346 (base 8) in base 6?
1022
What is 64e0 (base 16) in base 13?
b9a6
Convert 60b8 (base 12) to base 13.
4a24
What is 7a8 (base 13) in base 12?
921
1aa (base 11) to base 8
361
What is -537 (base 11) in base 16?
-285
What is -106224 (base 7) in base 4?
-10220211
Convert 44c (base 15) to base 4.
33030
4889 (base 13) to base 8
24015
Convert -4 (base 6) to base 2.
-100
20110 (base 8) to base 3
102100002
Convert 1553 (base 10) to base 12.
a95
What is -213123 (base 4) in base 3?
-10110110
What is -10010000011111 (base 2) in base 9?
-13614
What is -86c (base 13) in base 9?
-1872
What is -2372 (base 13) in base 6?
-35042
What is -10 (base 13) in base 11?
-12
What is 305 (base 7) in base 13?
b9
-346d (base 15) to base 2
-10101101111000
What is -13a (base 13) in base 2?
-11011010
What is 23591 (base 12) in base 2?
1011100101111101
What is 2a2b (base 12) in base 3?
20202122
What is -704 (base 13) in base 4?
-102203
1111101110 (base 2) to base 9
1337
-145 (base 16) to base 5
-2300
Convert -202211 (base 3) to base 9.
-684
What is 1441220 (base 5) in base 13?
11040
What is 1534 (base 8) in base 12?
5b8
720 (base 9) to base 16
249
What is 17533 (base 8) in base 2?
1111101011011
102110200 (base 3) to base 12
4a09
Convert -2dc6 (base 14) to base 15.
-2675
What is -736 (base 9) in base 7?
-1515
What is -11113203 (base 4) in base 9?
-33140
Convert 97 (base 16) to base 11.
128
3304 (base 7) to base 12
824
-1203030 (base 4) to base 13
-2b74
Convert 6460 (base 7) to base 14.
ba0
5372 (base 10) to base 7
21443
Convert e90 (base 16) to base 15.
1188
Convert -101000001010 (base 2) to base 8.
-5012
Convert -1381 (base 15) to base 3.
-12201111
Convert 223020 (base 5) to base 12.
4691
Convert 13323 (base 7) to base 11.
2778
-112200002 (base 3) to base 2
-10100111000110
-2430 (base 7) to base 15
-403
Convert 222222 (base 3) to base 5.
10403
What is -3a1 (base 14) in base 2?
-1011011001
-6a1 (base 14) to base 15
-5cc
What is 355 (base 10) in base 3?
111011
Convert 36916 (base 10) to base 8.
110064
-10010 (base 4) to base 9
-318
Convert -7787 (base 12) to base 9.
-20104
Convert 38aa (base 11) to base 10.
5081
40 (base 12) to base 13
39
-4223 (base 5) to base 2
-1000110011
5082 (base 9) to base 11
2881
What is -1648 (base 12) in base 15?
-bb8
Convert -a9cb (base 13) to base 3.
-1012110020
Convert -21005 (base 6) to base 13.
-1385
Convert 2201221 (base 3) to base 15.
8d1
-3043040 (base 5) to base 3
-2112021100
-6357 (base 10) to base 2
-1100011010101
-529 (base 11) to base 13
-39c
526 (base 16) to base 9
1724
-232112 (base 4) to base 14
-111c
What is 101010001101 (base 2) in base 16?
a8d
Convert 28d (base 16) to base 8.
1215
Convert 483 (base 9) to base 14.
207
Convert 111323 (base 4) to base 16.
57b
Convert -6cd9 (base 14) to base 15.
-5972
1556 (base 7) to base 8
1165
Convert b67 (base 16) to base 6.
21303
What is -26 (base 13) in base 4?
-200
Convert -3b8 (base 13) to base 2.
-1010010010
What is 625 (base 12) in base 7?
2414
What is 200102 (base 3) in base 7?
1310
What is -15089 (base 11) in base 12?
-10469
What is ac2 (base 13) in base 11?
1430
-1212 (base 5) to base 13
-110
2012332 (base 4) to base 11
6543
8cc1 (base 13) to base 16
4d31
Convert 1a19 (base 13) to base 8.
7505
What is -30231 (base 5) in base 2?
-11110010101
Convert -1416 (base 8) to base 10.
-782
6a2 (base 12) to base 9
1315
Convert -314e (base 15) to base 12.
-6048
